Let o(a) = 4*a**2 - 14*a - 4. What is o(4)?
4
Let j(m) = m**3 - 12*m**2 - 12*m - 10. Calculate j(13).
3
Let d(p) = p - 20. Determine d(10).
-10
Let h(t) = t**2 - 4*t + 2. What is h(4)?
2
Let j(u) = u**3 + 29*u**2 + 29*u - 17. What is j(-28)?
-45
Let s(j) = 25*j + 254. Calculate s(-10).
4
Let c(x) = -12*x - 401. What is c(-33)?
-5
Let p(r) = 6*r**2 + 15*r + 1. Determine p(-3).
10
Let d(o) = -o**3 + 4*o**2 + 15*o + 62. What is d(7)?
20
Let t(n) = -n**2 + 38*n - 282. What is t(10)?
-2
Let g(y) = 8*y + 11. What is g(-2)?
-5
Let z(i) = -3*i**2 - 110*i - 69. Determine z(-36).
3
Let t(f) = f**3 + 3*f**2 - 6. What is t(-3)?
-6
Let d(w) = w**2. Give d(-2).
4
Let z(n) = -n. What is z(-2)?
2
Let f(t) = -9*t + 63. Determine f(7).
0
Let c(f) = 132*f - 268. Calculate c(2).
-4
Let x(f) = 2*f**2 + 3*f - 1. Calculate x(-5).
34
Let t(h) = -h**2 + 20*h - 20. Determine t(19).
-1
Let u(v) = v**3 - 9*v**2 + 8*v + 5. Determine u(8).
5
Let b(q) = 2*q**2 - 15*q - 71. Give b(11).
6
Let b(t) = -7*t - 11. Give b(3).
-32
Let w(u) = 4*u**3 - 41*u**2 + 7*u + 21. Calculate w(10).
-9
Let w(u) = u**3 - 12*u**2 - 13*u - 38. Give w(13).
-38
Let r(v) = -19*v - 170. Calculate r(-8).
-18
Let l(v) = -44*v + 175. What is l(4)?
-1
Let x(f) = -28*f**3 - f**2 + f + 1. Determine x(-1).
27
Let g(m) = -m**3 - 10*m**2 + 10*m - 4. Determine g(-11).
7
Let o(y) = y**3 + 30*y**2 - 28*y + 45. Give o(-31).
-48
Let h(y) = y**3 + 9*y**2 - 11*y + 3. Give h(-10).
13
Let m(u) = -5*u**2 - 17*u + 32. What is m(2)?
-22
Let y(m) = -2*m**3 + 35*m**2 + 58*m - 10. Give y(19).
9
Let b(p) = -2*p**3 - 4*p**2 - p + 3. Determine b(-2).
5
Let r(t) = 2*t**2 + 3*t - 12. Calculate r(2).
2
Let d(j) = j**3 - 7*j**2 + 10*j - 10. Determine d(4).
-18
Let s(c) = 3*c + 28. Calculate s(-11).
-5
Let x(s) = s + 9. Determine x(16).
25
Let s(y) = y**3 - 11*y**2 + 10*y + 7. Give s(10).
7
Let r(a) = -2*a**3 - a**2 + 5*a + 1. What is r(3)?
-47
Let l(x) = -x + 21. What is l(-13)?
34
Let w(z) = 4*z**2 + 11*z + 30. What is w(-6)?
108
Let y(k) = -12*k**3 + 2*k**2 - 1. Give y(-1).
13
Let v(o) = -3*o**2 + o - 1. Determine v(2).
-11
Let k(c) = c**2 + 2*c + 1. Give k(0).
1
Let i(l) = -l - 8. Determine i(13).
-21
Let o(n) = -n**2 - 19*n - 58. What is o(-12)?
26
Let n(o) = -32*o - 194. Calculate n(-6).
-2
Let n(g) = g**2 - 6*g + 5. Calculate n(3).
-4
Let n(t) = t - 1. What is n(5)?
4
Let q(h) = -h**3 - 5*h**2 - 6*h - 8. Give q(-4).
0
Let p(d) = d**3 + 6*d**2 + 10*d + 1. Give p(-3).
-2
Let v(x) = 3*x**2 + 2*x - 2. What is v(2)?
14
Let r(j) = 3*j + 32. Give r(-11).
-1
Let f(y) = 28*y - 3. What is f(2)?
53
Let p(o) = 3*o**3 - 4*o**2 + 8*o - 2. Calculate p(2).
22
Let u(i) = i**2 + 16*i - 4. Give u(-16).
-4
Let k(x) = -2*x - 2. Give k(-5).
8
Let x(d) = -d**3 - 12*d**2 - 10*d + 5. Give x(-11).
-6
Let q(x) = -x**3 - 14*x**2 - 13*x + 3. Calculate q(-13).
3
Let t(k) = 2*k**3 - 6*k**2 - 2*k - 6. What is t(4)?
18
Let p(x) = -17*x**2 + x. What is p(-2)?
-70
Let t(p) = p**3 + 8*p**2 - 2*p - 22. Give t(-8).
-6
Let y(w) = w**3 - 13*w**2 + 13*w - 3. Determine y(12).
9
Let c(m) = 2*m**2 - m - 6. What is c(3)?
9
Let s(p) = -p**3 + p + 11. Calculate s(0).
11
Let v(c) = c**3 - 20*c**2 + 3*c - 53. Give v(20).
7
Let i(k) = 2*k + 22. Calculate i(-8).
6
Let t(o) = 7*o + 13. What is t(-3)?
-8
Let h(v) = -4*v + 28. Calculate h(8).
-4
Let b(g) = 4*g**2 + g - 2. Give b(-3).
31
Let n(j) = -2*j**2 + 16*j - 14. Give n(7).
0
Let f(r) = -11*r + 129. What is f(7)?
52
Let m(s) = s**2 - 5*s - 3. What is m(4)?
-7
Let s(f) = f - 38. What is s(29)?
-9
Let y(r) = -7*r + 89. Give y(10).
19
Let k(u) = -u**3 - 6*u + 2. Determine k(0).
2
Let r(l) = 20*l + 819. Determine r(-41).
-1
Let l(w) = w**2 - 3*w + 4. Calculate l(4).
8
Let g(x) = 2*x**3 + 7*x - 13. Give g(3).
62
Let n(c) = 36*c - 251. Determine n(6).
-35
Let r(q) = q**2 + 9*q + 12. What is r(-8)?
4
Let c(i) = 57*i - 167. Give c(3).
4
Let o(s) = 3*s - 6. Give o(0).
-6
Let g(z) = -2*z + 1. Determine g(-5).
11
Let s(k) = k - 4. What is s(7)?
3
Let q(o) = o**2 + o + 2. Determine q(-6).
32
Let k(y) = y**2 - 11*y + 11. What is k(5)?
-19
Let r(b) = b**3 + 7*b**2 + 2*b + 14. Calculate r(-7).
0
Let w(x) = 7*x - 9. Give w(4).
19
Let q(d) = d**3 - 10*d**2 + 16*d. Calculate q(8).
0
Let o(s) = s - 25. Give o(0).
-25
Let a(t) = t**3 + 22*t**2 - 25*t - 53. Determine a(-23).
-7
Let s(f) = -9*f + 19. Calculate s(4).
-17
Let z(r) = 2*r**3 - 2*r**2 - r - 1. Calculate z(-2).
-23
Let k(t) = t**2 - 5*t - 8. Calculate k(6).
-2
Let i(f) = -f**3 + 8*f**2 + 2*f - 14. What is i(7)?
49
Let o(f) = -f**3 + 15*f**2 - 10*f - 9. What is o(14)?
47
Let k(t) = -24*t + 44. Give k(1).
20
Let v(x) = x**2 - x - 4. What is v(-5)?
26
Let z(s) = -38*s**2. Determine z(-1).
-38
Let s(l) = -l**3 + 14. What is s(3)?
-13
Let p(h) = -h**2 - 20*h - 42. Give p(-18).
-6
Let j(g) = 4*g**2 - g. Calculate j(-1).
5
Let i(a) = 8*a**3 + 66*a**2 + 18*a + 12. What is i(-8)?
-4
Let b(c) = -c**3 - 7*c**2 - 8*c + 4. What is b(-5)?
-6
Let f(g) = -g**3 + 10*g**2 - 10*g + 13. What is f(9)?
4
Let u(c) = -5*c + 3. Determine u(-3).
18
Let m(b) = -b**2 + 14*b + 25. Determine m(16).
-7
Let g(t) = -t**3 - 7*t**2 - 3*t + 33. Determine g(-6).
15
Let u(f) = -2*f**3 + 26*f**2 + f - 18. What is u(13)?
-5
Let c(j) = -j**2 + 5*j - 25. Calculate c(4).
-21
Let p(i) = 16*i + 110. Determine p(-7).
-2
Let w(y) = 3*y**3 - 29*y**2 - 9*y - 2. Calculate w(10).
8
Let o(j) = -2*j**2 + 3*j - 1. What is o(2)?
-3
Let q(x) = -2*x + 2. Calculate q(-5).
12
Let i(a) = -3*a**2 - 9*a + 10. Calculate i(-6).
-44
Let h(x) = 9*x - 95. Give h(23).
112
Let q(g) = -12*g - 1. Give q(1).
-13
Let t(p) = -p**3 + 4*p**2 + 8*p + 1. Calculate t(6).
-23
Let u(j) = -25*j**2 - 8*j - 6. What is u(-1)?
-23
Let z(x) = 49*x**3 - 2*x**2 + x + 2. Determine z(-1).
-50
Let x(s) = s**3 - 19*s**2 - 14*s - 52. Determine x(20).
68
Let z(l) = l**2 + 24*l + 31. Determine z(-21).
-32
Let b(p) = -17*p - 149. Give b(-9).
4
Let g(x) = -x**2 + 5*x - 8. Determine g(11).
-74
Let r(k) = -k**3 + 5*k**2 + 7*k + 8. Give r(6).
14
Let o(n) = -18*n - 787. Determine o(-44).
5
Let g(n) = -n**2 - 19*n + 5. Determine g(-14).
75
Let j(s) = -s + 9. Calculate j(6).
3
Let p(c) = -24*c**2 + c. Determine p(-1).
-25
Let t(k) = 3*k**2 + 3*k + 3. What is t(-2)?
9
Let p(n) = -7*n + 73. Give p(15).
-32
Let s(a) = -10*a. Calculate s(1).
-10
Let y(g) = -52*g**2 - g - 2. Calculate y(-1).
-53
Let d(n) = 91*n + 559. What is d(-6)?
13
Let g(f) = -f**3 - 22*f**2 - 23*f - 22. What is g(-21)?
20
Let m(t) = 67*t + 466. Give m(-7).
-3
Let h(m) = m**3 + 11*m**2 - 12*m - 11. What is h(-12)?
-11
Let c(b) = -b**3 - 19*b**2 + b + 9. What is c(-19)?
-10
Let o(v) = v**3 + 6*v**2 - 8*v - 15. What is o(-7)?
-8
Let n(v) = -v**3 + 7*v**2 + 20*v - 36. Give n(9).
-18
Let l(a) = -19*a + 551. What is l(29)?
0
Let z(a) = -a + 4. What is z(11)?
-7
Let s(k) = -k**3 - k**2 + 3*k - 30. Determine s(0).
-30
Let r(m) = -11*m**2 + 16*m. Give r(1).
5
Let b(w) = -33*w. Give b(-1).
33
Let d(x) = x**3 - 16*x**2 - 16*x - 24. Give d(17).
-7
Let r(t) = 2*t - 14. What is r(6)?
-2
Let x(i) = -12*i - 1. What is x(1)?
-13
Let u(g) = 12*g**2 + 49*g + 10. What is u(-4)?
6
Let p(m) = -10*m + 103. Give p(11).
-7
Let u(g) = g**3 - 20*g**2 + 92*g - 14. Determine u(7).
-7
Let q(h) = -2*h + 3. Determine q(-3).
9
Let q(g) = g**2 - 11*g + 11. What is q(11)?
11
Let m(s) = -s**3 - 16*s**2 - 14*s + 21. Determine m(-15).
6
Let k(l) = -l**3 + 9*l**2 - l - 5. Give k(9).
-14
Let h(m) = -8*m**2 + 9*m - 11. Determine h(2).
-25
Let l(f) = -f**2 + 8*f - 6. What is l(8)?
-6
Let d(g) = -g**3 - 9*g**2 - 6*g - 63. Determine d(-9).
-9
Let k(j) = -2*j**2 + 12*j + 27. Give k(11).
-83
Let k(y) = y**2 - 32. Calculate k(5).
-7
Let m(d) = 5*d - 9. Determine m(0).
-9
Let b(u) = 3*u**2 + 16*u + 19. Determine b(-5).
14
Let y(f) = -5*f**3 - f**2 - 4*f + 5. Determine y(1).
-5
Let m(n) = -n**2 - 4*n + 7. Determine m(14).
-245
Let j(s) = -s**2 + 2*s + 10. Calculate j(4).
2
Let c(b) = -b**2 - 3*b + 43. Determine c(-8).
3
Let n(y) = 3*y**2 - 10*y + 7. Give n(3).
4
Let q(o) = o**2 - 11*o + 1. Determine q(9).
-17
Let p(t) = t**2 + 7*t - 10. Calculate p(-9).
8
Let o(x) = -2*x**3 + 2*x + 1. Give o(-2).
13
Let q(b) = b**2 - 30*b - 608. What is q(44)?
8
Let u(v) = -v**3 - 9*v**2 - 9*v + 2. Determine u(-8).
10
Let i(p) = -2*p**2 + 5*p - 5. Calculate i(4).
-17
Let b(i) = -